{"id":3334,"date":"2026-03-05T14:01:35","date_gmt":"2026-03-05T13:01:35","guid":{"rendered":"https:\/\/mavisel.com\/?post_type=product&#038;p=3334"},"modified":"2026-03-11T13:53:24","modified_gmt":"2026-03-11T12:53:24","slug":"top-bikini-zen-garden-liso-estilo-top","status":"publish","type":"product","link":"https:\/\/mavisel.com\/?product=top-bikini-zen-garden-liso-estilo-top","title":{"rendered":"Top Bikini Zen Garden Liso Estilo top"},"content":{"rendered":"<p>Top bikini Zen Garden liso estilo top con <strong>escote cruzado<\/strong> que realza el busto y aporta un toque moderno y favorecedor. Presenta un <strong>vibrante color fucsia<\/strong> que aporta energ\u00eda y frescura al look veraniego. Su dise\u00f1o sencillo y elegante lo convierte en una pieza vers\u00e1til, ideal para combinar con diferentes partes inferiores y lucir un estilo llamativo y sofisticado en la playa o la piscina.<\/p>\n<p>Tambi\u00e9n, tienes la posibilidad del<strong><a href=\"https:\/\/mavisel.com\/producto\/banador-zen-garden-liso-corte-pico-fruncido\/\"> Ba\u00f1ador Zen Garden Liso Corte pico fruncido <\/a><\/strong>o el<strong><a href=\"https:\/\/mavisel.com\/producto\/banador-zen-garden-liso-lazo-lateral\/\"> Ba\u00f1ador Zen Garden Liso Lazo lateral<\/a><\/strong> o si prefieres el <strong><a href=\"https:\/\/mavisel.com\/producto\/top-bikini-zen-garden-liso-bandeau\/\">Top Bikini Zen Garden Liso Bandeau.\u00a0<\/a><\/strong><\/p>\n","protected":false},"excerpt":{"rendered":"<p>Top bikini Zen Garden liso estilo top en <strong>color fucsia<\/strong> con <strong>escote cruzado<\/strong>. Un dise\u00f1o moderno, elegante y favorecedor para el verano.<\/p>\n","protected":false},"featured_media":3546,"comment_status":"open","ping_status":"closed","template":"","meta":[],"product_brand":[70],"product_cat":[34,163,209],"product_tag":[],"class_list":{"0":"post-3334","1":"product","2":"type-product","3":"status-publish","4":"has-post-thumbnail","6":"product_brand-mavisel","7":"product_cat-top-bikinis","8":"product_cat-moda-de-bano","9":"product_cat-estilo-top","10":"pa_color-fucsia","11":"pa_talla-talla-85b","12":"pa_talla-talla-90b","13":"pa_talla-talla-95b","14":"pa_talla-talla-100b","15":"pa_talla-talla-105b","16":"pa_talla-talla-110b","18":"first","19":"instock","20":"shipping-taxable","21":"product-type-variable"},"yoast_head":"<!-- This site is optimized with the Yoast SEO plugin v26.8 - https:\/\/yoast.com\/product\/yoast-seo-wordpress\/ -->\n<title>Top Bikini Zen Garden Liso Estilo top - Mavisel<\/title>\n<meta name=\"description\" content=\"Top bikini Zen Garden liso estilo top en color fucsia con escote cruzado. Un dise\u00f1o moderno, elegante y favorecedor para el verano.\" \/>\n<meta name=\"robots\" content=\"index, follow, max-snippet:-1, max-image-preview:large, max-video-preview:-1\" \/>\n<link rel=\"canonical\" href=\"https:\/\/mavisel.com\/producto\/top-bikini-zen-garden-liso-estilo-top\/\" \/>\n<meta property=\"og:locale\" content=\"es_ES\" \/>\n<meta property=\"og:type\" content=\"article\" \/>\n<meta property=\"og:title\" content=\"Top Bikini Zen Garden Liso Estilo top - Mavisel\" \/>\n<meta property=\"og:description\" content=\"Top bikini Zen Garden liso estilo top en color fucsia con escote cruzado. Un dise\u00f1o moderno, elegante y favorecedor para el verano.\" \/>\n<meta property=\"og:url\" content=\"https:\/\/mavisel.com\/producto\/top-bikini-zen-garden-liso-estilo-top\/\" \/>\n<meta property=\"og:site_name\" content=\"Mavisel\" \/>\n<meta property=\"article:modified_time\" content=\"2026-03-11T12:53:24+00:00\" \/>\n<meta property=\"og:image\" content=\"https:\/\/mavisel.com\/wp-content\/uploads\/2026\/03\/626-1046B-top-bikini-zen-garden-liso-estilo-top.png\" \/>\n\t<meta property=\"og:image:width\" content=\"479\" \/>\n\t<meta property=\"og:image:height\" content=\"500\" \/>\n\t<meta property=\"og:image:type\" content=\"image\/png\" \/>\n<meta name=\"twitter:card\" content=\"summary_large_image\" \/>\n<meta name=\"twitter:label1\" content=\"Tiempo de lectura\" \/>\n\t<meta name=\"twitter:data1\" content=\"1 minuto\" \/>\n<script type=\"application\/ld+json\" class=\"yoast-schema-graph\">{\"@context\":\"https:\/\/schema.org\",\"@graph\":[{\"@type\":\"WebPage\",\"@id\":\"https:\/\/mavisel.com\/producto\/top-bikini-zen-garden-liso-estilo-top\/\",\"url\":\"https:\/\/mavisel.com\/producto\/top-bikini-zen-garden-liso-estilo-top\/\",\"name\":\"Top Bikini Zen Garden Liso Estilo top - Mavisel\",\"isPartOf\":{\"@id\":\"http:\/\/mavisel.com\/#website\"},\"primaryImageOfPage\":{\"@id\":\"https:\/\/mavisel.com\/producto\/top-bikini-zen-garden-liso-estilo-top\/#primaryimage\"},\"image\":{\"@id\":\"https:\/\/mavisel.com\/producto\/top-bikini-zen-garden-liso-estilo-top\/#primaryimage\"},\"thumbnailUrl\":\"https:\/\/mavisel.com\/wp-content\/uploads\/2026\/03\/626-1046B-top-bikini-zen-garden-liso-estilo-top.png\",\"datePublished\":\"2026-03-05T13:01:35+00:00\",\"dateModified\":\"2026-03-11T12:53:24+00:00\",\"description\":\"Top bikini Zen Garden liso estilo top en color fucsia con escote cruzado. Un dise\u00f1o moderno, elegante y favorecedor para el verano.\",\"breadcrumb\":{\"@id\":\"https:\/\/mavisel.com\/producto\/top-bikini-zen-garden-liso-estilo-top\/#breadcrumb\"},\"inLanguage\":\"es\",\"potentialAction\":[{\"@type\":\"ReadAction\",\"target\":[\"https:\/\/mavisel.com\/producto\/top-bikini-zen-garden-liso-estilo-top\/\"]}]},{\"@type\":\"ImageObject\",\"inLanguage\":\"es\",\"@id\":\"https:\/\/mavisel.com\/producto\/top-bikini-zen-garden-liso-estilo-top\/#primaryimage\",\"url\":\"https:\/\/mavisel.com\/wp-content\/uploads\/2026\/03\/626-1046B-top-bikini-zen-garden-liso-estilo-top.png\",\"contentUrl\":\"https:\/\/mavisel.com\/wp-content\/uploads\/2026\/03\/626-1046B-top-bikini-zen-garden-liso-estilo-top.png\",\"width\":479,\"height\":500,\"caption\":\"Top Bikini Zen Garden Estilo top\"},{\"@type\":\"BreadcrumbList\",\"@id\":\"https:\/\/mavisel.com\/producto\/top-bikini-zen-garden-liso-estilo-top\/#breadcrumb\",\"itemListElement\":[{\"@type\":\"ListItem\",\"position\":1,\"name\":\"Portada\",\"item\":\"https:\/\/mavisel.com\/\"},{\"@type\":\"ListItem\",\"position\":2,\"name\":\"Home\",\"item\":\"https:\/\/mavisel.com\/\"},{\"@type\":\"ListItem\",\"position\":3,\"name\":\"Top Bikini Zen Garden Liso Estilo top\"}]},{\"@type\":\"WebSite\",\"@id\":\"http:\/\/mavisel.com\/#website\",\"url\":\"http:\/\/mavisel.com\/\",\"name\":\"Mavisel\",\"description\":\"Marca espa\u00f1ola de moda de ba\u00f1o para mujer\",\"publisher\":{\"@id\":\"http:\/\/mavisel.com\/#organization\"},\"potentialAction\":[{\"@type\":\"SearchAction\",\"target\":{\"@type\":\"EntryPoint\",\"urlTemplate\":\"http:\/\/mavisel.com\/?s={search_term_string}\"},\"query-input\":{\"@type\":\"PropertyValueSpecification\",\"valueRequired\":true,\"valueName\":\"search_term_string\"}}],\"inLanguage\":\"es\"},{\"@type\":\"Organization\",\"@id\":\"http:\/\/mavisel.com\/#organization\",\"name\":\"Mavisel\",\"url\":\"http:\/\/mavisel.com\/\",\"logo\":{\"@type\":\"ImageObject\",\"inLanguage\":\"es\",\"@id\":\"http:\/\/mavisel.com\/#\/schema\/logo\/image\/\",\"url\":\"https:\/\/mavisel.com\/wp-content\/uploads\/2024\/09\/cropped-cropped-MAVISEL-1.png\",\"contentUrl\":\"https:\/\/mavisel.com\/wp-content\/uploads\/2024\/09\/cropped-cropped-MAVISEL-1.png\",\"width\":512,\"height\":213,\"caption\":\"Mavisel\"},\"image\":{\"@id\":\"http:\/\/mavisel.com\/#\/schema\/logo\/image\/\"}}]}<\/script>\n<!-- \/ Yoast SEO plugin. -->","yoast_head_json":{"title":"Top Bikini Zen Garden Liso Estilo top - Mavisel","description":"Top bikini Zen Garden liso estilo top en color fucsia con escote cruzado. Un dise\u00f1o moderno, elegante y favorecedor para el verano.","robots":{"index":"index","follow":"follow","max-snippet":"max-snippet:-1","max-image-preview":"max-image-preview:large","max-video-preview":"max-video-preview:-1"},"canonical":"https:\/\/mavisel.com\/producto\/top-bikini-zen-garden-liso-estilo-top\/","og_locale":"es_ES","og_type":"article","og_title":"Top Bikini Zen Garden Liso Estilo top - Mavisel","og_description":"Top bikini Zen Garden liso estilo top en color fucsia con escote cruzado. Un dise\u00f1o moderno, elegante y favorecedor para el verano.","og_url":"https:\/\/mavisel.com\/producto\/top-bikini-zen-garden-liso-estilo-top\/","og_site_name":"Mavisel","article_modified_time":"2026-03-11T12:53:24+00:00","og_image":[{"width":479,"height":500,"url":"https:\/\/mavisel.com\/wp-content\/uploads\/2026\/03\/626-1046B-top-bikini-zen-garden-liso-estilo-top.png","type":"image\/png"}],"twitter_card":"summary_large_image","twitter_misc":{"Tiempo de lectura":"1 minuto"},"schema":{"@context":"https:\/\/schema.org","@graph":[{"@type":"WebPage","@id":"https:\/\/mavisel.com\/producto\/top-bikini-zen-garden-liso-estilo-top\/","url":"https:\/\/mavisel.com\/producto\/top-bikini-zen-garden-liso-estilo-top\/","name":"Top Bikini Zen Garden Liso Estilo top - Mavisel","isPartOf":{"@id":"http:\/\/mavisel.com\/#website"},"primaryImageOfPage":{"@id":"https:\/\/mavisel.com\/producto\/top-bikini-zen-garden-liso-estilo-top\/#primaryimage"},"image":{"@id":"https:\/\/mavisel.com\/producto\/top-bikini-zen-garden-liso-estilo-top\/#primaryimage"},"thumbnailUrl":"https:\/\/mavisel.com\/wp-content\/uploads\/2026\/03\/626-1046B-top-bikini-zen-garden-liso-estilo-top.png","datePublished":"2026-03-05T13:01:35+00:00","dateModified":"2026-03-11T12:53:24+00:00","description":"Top bikini Zen Garden liso estilo top en color fucsia con escote cruzado. Un dise\u00f1o moderno, elegante y favorecedor para el verano.","breadcrumb":{"@id":"https:\/\/mavisel.com\/producto\/top-bikini-zen-garden-liso-estilo-top\/#breadcrumb"},"inLanguage":"es","potentialAction":[{"@type":"ReadAction","target":["https:\/\/mavisel.com\/producto\/top-bikini-zen-garden-liso-estilo-top\/"]}]},{"@type":"ImageObject","inLanguage":"es","@id":"https:\/\/mavisel.com\/producto\/top-bikini-zen-garden-liso-estilo-top\/#primaryimage","url":"https:\/\/mavisel.com\/wp-content\/uploads\/2026\/03\/626-1046B-top-bikini-zen-garden-liso-estilo-top.png","contentUrl":"https:\/\/mavisel.com\/wp-content\/uploads\/2026\/03\/626-1046B-top-bikini-zen-garden-liso-estilo-top.png","width":479,"height":500,"caption":"Top Bikini Zen Garden Estilo top"},{"@type":"BreadcrumbList","@id":"https:\/\/mavisel.com\/producto\/top-bikini-zen-garden-liso-estilo-top\/#breadcrumb","itemListElement":[{"@type":"ListItem","position":1,"name":"Portada","item":"https:\/\/mavisel.com\/"},{"@type":"ListItem","position":2,"name":"Home","item":"https:\/\/mavisel.com\/"},{"@type":"ListItem","position":3,"name":"Top Bikini Zen Garden Liso Estilo top"}]},{"@type":"WebSite","@id":"http:\/\/mavisel.com\/#website","url":"http:\/\/mavisel.com\/","name":"Mavisel","description":"Marca espa\u00f1ola de moda de ba\u00f1o para mujer","publisher":{"@id":"http:\/\/mavisel.com\/#organization"},"potentialAction":[{"@type":"SearchAction","target":{"@type":"EntryPoint","urlTemplate":"http:\/\/mavisel.com\/?s={search_term_string}"},"query-input":{"@type":"PropertyValueSpecification","valueRequired":true,"valueName":"search_term_string"}}],"inLanguage":"es"},{"@type":"Organization","@id":"http:\/\/mavisel.com\/#organization","name":"Mavisel","url":"http:\/\/mavisel.com\/","logo":{"@type":"ImageObject","inLanguage":"es","@id":"http:\/\/mavisel.com\/#\/schema\/logo\/image\/","url":"https:\/\/mavisel.com\/wp-content\/uploads\/2024\/09\/cropped-cropped-MAVISEL-1.png","contentUrl":"https:\/\/mavisel.com\/wp-content\/uploads\/2024\/09\/cropped-cropped-MAVISEL-1.png","width":512,"height":213,"caption":"Mavisel"},"image":{"@id":"http:\/\/mavisel.com\/#\/schema\/logo\/image\/"}}]}},"_links":{"self":[{"href":"https:\/\/mavisel.com\/index.php?rest_route=\/wp\/v2\/product\/3334","targetHints":{"allow":["GET"]}}],"collection":[{"href":"https:\/\/mavisel.com\/index.php?rest_route=\/wp\/v2\/product"}],"about":[{"href":"https:\/\/mavisel.com\/index.php?rest_route=\/wp\/v2\/types\/product"}],"replies":[{"embeddable":true,"href":"https:\/\/mavisel.com\/index.php?rest_route=%2Fwp%2Fv2%2Fcomments&post=3334"}],"wp:featuredmedia":[{"embeddable":true,"href":"https:\/\/mavisel.com\/index.php?rest_route=\/wp\/v2\/media\/3546"}],"wp:attachment":[{"href":"https:\/\/mavisel.com\/index.php?rest_route=%2Fwp%2Fv2%2Fmedia&parent=3334"}],"wp:term":[{"taxonomy":"product_brand","embeddable":true,"href":"https:\/\/mavisel.com\/index.php?rest_route=%2Fwp%2Fv2%2Fproduct_brand&post=3334"},{"taxonomy":"product_cat","embeddable":true,"href":"https:\/\/mavisel.com\/index.php?rest_route=%2Fwp%2Fv2%2Fproduct_cat&post=3334"},{"taxonomy":"product_tag","embeddable":true,"href":"https:\/\/mavisel.com\/index.php?rest_route=%2Fwp%2Fv2%2Fproduct_tag&post=3334"}],"curies":[{"name":"wp","href":"https:\/\/api.w.org\/{rel}","templated":true}]}}