{"id":3063,"date":"2026-03-05T14:00:32","date_gmt":"2026-03-05T13:00:32","guid":{"rendered":"https:\/\/mavisel.com\/?post_type=product&#038;p=3063"},"modified":"2026-03-11T14:18:10","modified_gmt":"2026-03-11T13:18:10","slug":"banador-zen-garden-tropical-clasico","status":"publish","type":"product","link":"https:\/\/mavisel.com\/?product=banador-zen-garden-tropical-clasico","title":{"rendered":"Ba\u00f1ador Zen Garden Tropical Cl\u00e1sico"},"content":{"rendered":"<p>Ba\u00f1ador Zen Garden Tropical Cl\u00e1sico con <strong>dise\u00f1o en verde<\/strong> que aporta frescura y naturalidad. Presenta un <strong>estampado de ramas negras y rosas<\/strong> que a\u00f1ade contraste y un toque elegante al look, creando una pieza femenina y sofisticada. Ideal para lucir un estilo veraniego, elegante y con personalidad en la playa o la piscina.<\/p>\n<p>Si lo prefieres, tienes la opci\u00f3n del <strong><a href=\"https:\/\/mavisel.com\/producto\/banador-zen-garden-tropical-palabra-de-honor\/\">Ba\u00f1ador Zen Garden Tropical Palabra de honor.<\/a><\/strong><\/p>\n","protected":false},"excerpt":{"rendered":"<p>Ba\u00f1ador Zen Garden Tropical Cl\u00e1sico con <strong>fondo verde<\/strong> y <strong>ramas negras y rosas<\/strong> para un look elegante y veraniego.<\/p>\n","protected":false},"featured_media":3561,"comment_status":"open","ping_status":"closed","template":"","meta":[],"product_brand":[70],"product_cat":[180],"product_tag":[],"class_list":{"0":"post-3063","1":"product","2":"type-product","3":"status-publish","4":"has-post-thumbnail","6":"product_brand-mavisel","7":"product_cat-clasicos","8":"pa_color-estampado","9":"pa_talla-talla-85c","10":"pa_talla-talla-90c","11":"pa_talla-talla-95c","12":"pa_talla-talla-100c","13":"pa_talla-talla-105c","14":"pa_talla-talla-110c","15":"pa_talla-talla-115c","17":"first","18":"instock","19":"shipping-taxable","20":"product-type-variable"},"yoast_head":"<!-- This site is optimized with the Yoast SEO plugin v26.8 - https:\/\/yoast.com\/product\/yoast-seo-wordpress\/ -->\n<title>Ba\u00f1ador Zen Garden Tropical Cl\u00e1sico - Mavisel<\/title>\n<meta name=\"description\" content=\"Ba\u00f1ador Zen Garden Tropical Cl\u00e1sico con fondo verde y ramas negras y rosas para un look elegante y veraniego.\" \/>\n<meta name=\"robots\" content=\"index, follow, max-snippet:-1, max-image-preview:large, max-video-preview:-1\" \/>\n<link rel=\"canonical\" href=\"https:\/\/mavisel.com\/producto\/banador-zen-garden-tropical-clasico\/\" \/>\n<meta property=\"og:locale\" content=\"es_ES\" \/>\n<meta property=\"og:type\" content=\"article\" \/>\n<meta property=\"og:title\" content=\"Ba\u00f1ador Zen Garden Tropical Cl\u00e1sico - Mavisel\" \/>\n<meta property=\"og:description\" content=\"Ba\u00f1ador Zen Garden Tropical Cl\u00e1sico con fondo verde y ramas negras y rosas para un look elegante y veraniego.\" \/>\n<meta property=\"og:url\" content=\"https:\/\/mavisel.com\/producto\/banador-zen-garden-tropical-clasico\/\" \/>\n<meta property=\"og:site_name\" content=\"Mavisel\" \/>\n<meta property=\"article:modified_time\" content=\"2026-03-11T13:18:10+00:00\" \/>\n<meta property=\"og:image\" content=\"http:\/\/mavisel.com\/wp-content\/uploads\/2026\/03\/625-2037C-banador-zen-garden-tropical-clasico.png\" \/>\n\t<meta property=\"og:image:width\" content=\"266\" \/>\n\t<meta property=\"og:image:height\" content=\"531\" \/>\n\t<meta property=\"og:image:type\" content=\"image\/png\" \/>\n<meta name=\"twitter:card\" content=\"summary_large_image\" \/>\n<meta name=\"twitter:label1\" content=\"Tiempo de lectura\" \/>\n\t<meta name=\"twitter:data1\" content=\"1 minuto\" \/>\n<script type=\"application\/ld+json\" class=\"yoast-schema-graph\">{\"@context\":\"https:\/\/schema.org\",\"@graph\":[{\"@type\":\"WebPage\",\"@id\":\"https:\/\/mavisel.com\/producto\/banador-zen-garden-tropical-clasico\/\",\"url\":\"https:\/\/mavisel.com\/producto\/banador-zen-garden-tropical-clasico\/\",\"name\":\"Ba\u00f1ador Zen Garden Tropical Cl\u00e1sico - Mavisel\",\"isPartOf\":{\"@id\":\"http:\/\/mavisel.com\/#website\"},\"primaryImageOfPage\":{\"@id\":\"https:\/\/mavisel.com\/producto\/banador-zen-garden-tropical-clasico\/#primaryimage\"},\"image\":{\"@id\":\"https:\/\/mavisel.com\/producto\/banador-zen-garden-tropical-clasico\/#primaryimage\"},\"thumbnailUrl\":\"https:\/\/mavisel.com\/wp-content\/uploads\/2026\/03\/625-2037C-banador-zen-garden-tropical-clasico.png\",\"datePublished\":\"2026-03-05T13:00:32+00:00\",\"dateModified\":\"2026-03-11T13:18:10+00:00\",\"description\":\"Ba\u00f1ador Zen Garden Tropical Cl\u00e1sico con fondo verde y ramas negras y rosas para un look elegante y veraniego.\",\"breadcrumb\":{\"@id\":\"https:\/\/mavisel.com\/producto\/banador-zen-garden-tropical-clasico\/#breadcrumb\"},\"inLanguage\":\"es\",\"potentialAction\":[{\"@type\":\"ReadAction\",\"target\":[\"https:\/\/mavisel.com\/producto\/banador-zen-garden-tropical-clasico\/\"]}]},{\"@type\":\"ImageObject\",\"inLanguage\":\"es\",\"@id\":\"https:\/\/mavisel.com\/producto\/banador-zen-garden-tropical-clasico\/#primaryimage\",\"url\":\"https:\/\/mavisel.com\/wp-content\/uploads\/2026\/03\/625-2037C-banador-zen-garden-tropical-clasico.png\",\"contentUrl\":\"https:\/\/mavisel.com\/wp-content\/uploads\/2026\/03\/625-2037C-banador-zen-garden-tropical-clasico.png\",\"width\":266,\"height\":531,\"caption\":\"Ba\u00f1ador Zen Garden Tropical Cl\u00e1sico\"},{\"@type\":\"BreadcrumbList\",\"@id\":\"https:\/\/mavisel.com\/producto\/banador-zen-garden-tropical-clasico\/#breadcrumb\",\"itemListElement\":[{\"@type\":\"ListItem\",\"position\":1,\"name\":\"Portada\",\"item\":\"https:\/\/mavisel.com\/\"},{\"@type\":\"ListItem\",\"position\":2,\"name\":\"Home\",\"item\":\"https:\/\/mavisel.com\/\"},{\"@type\":\"ListItem\",\"position\":3,\"name\":\"Ba\u00f1ador Zen Garden Tropical Cl\u00e1sico\"}]},{\"@type\":\"WebSite\",\"@id\":\"http:\/\/mavisel.com\/#website\",\"url\":\"http:\/\/mavisel.com\/\",\"name\":\"Mavisel\",\"description\":\"Marca espa\u00f1ola de moda de ba\u00f1o para mujer\",\"publisher\":{\"@id\":\"http:\/\/mavisel.com\/#organization\"},\"potentialAction\":[{\"@type\":\"SearchAction\",\"target\":{\"@type\":\"EntryPoint\",\"urlTemplate\":\"http:\/\/mavisel.com\/?s={search_term_string}\"},\"query-input\":{\"@type\":\"PropertyValueSpecification\",\"valueRequired\":true,\"valueName\":\"search_term_string\"}}],\"inLanguage\":\"es\"},{\"@type\":\"Organization\",\"@id\":\"http:\/\/mavisel.com\/#organization\",\"name\":\"Mavisel\",\"url\":\"http:\/\/mavisel.com\/\",\"logo\":{\"@type\":\"ImageObject\",\"inLanguage\":\"es\",\"@id\":\"http:\/\/mavisel.com\/#\/schema\/logo\/image\/\",\"url\":\"https:\/\/mavisel.com\/wp-content\/uploads\/2024\/09\/cropped-cropped-MAVISEL-1.png\",\"contentUrl\":\"https:\/\/mavisel.com\/wp-content\/uploads\/2024\/09\/cropped-cropped-MAVISEL-1.png\",\"width\":512,\"height\":213,\"caption\":\"Mavisel\"},\"image\":{\"@id\":\"http:\/\/mavisel.com\/#\/schema\/logo\/image\/\"}}]}<\/script>\n<!-- \/ Yoast SEO plugin. -->","yoast_head_json":{"title":"Ba\u00f1ador Zen Garden Tropical Cl\u00e1sico - Mavisel","description":"Ba\u00f1ador Zen Garden Tropical Cl\u00e1sico con fondo verde y ramas negras y rosas para un look elegante y veraniego.","robots":{"index":"index","follow":"follow","max-snippet":"max-snippet:-1","max-image-preview":"max-image-preview:large","max-video-preview":"max-video-preview:-1"},"canonical":"https:\/\/mavisel.com\/producto\/banador-zen-garden-tropical-clasico\/","og_locale":"es_ES","og_type":"article","og_title":"Ba\u00f1ador Zen Garden Tropical Cl\u00e1sico - Mavisel","og_description":"Ba\u00f1ador Zen Garden Tropical Cl\u00e1sico con fondo verde y ramas negras y rosas para un look elegante y veraniego.","og_url":"https:\/\/mavisel.com\/producto\/banador-zen-garden-tropical-clasico\/","og_site_name":"Mavisel","article_modified_time":"2026-03-11T13:18:10+00:00","og_image":[{"width":266,"height":531,"url":"http:\/\/mavisel.com\/wp-content\/uploads\/2026\/03\/625-2037C-banador-zen-garden-tropical-clasico.png","type":"image\/png"}],"twitter_card":"summary_large_image","twitter_misc":{"Tiempo de lectura":"1 minuto"},"schema":{"@context":"https:\/\/schema.org","@graph":[{"@type":"WebPage","@id":"https:\/\/mavisel.com\/producto\/banador-zen-garden-tropical-clasico\/","url":"https:\/\/mavisel.com\/producto\/banador-zen-garden-tropical-clasico\/","name":"Ba\u00f1ador Zen Garden Tropical Cl\u00e1sico - Mavisel","isPartOf":{"@id":"http:\/\/mavisel.com\/#website"},"primaryImageOfPage":{"@id":"https:\/\/mavisel.com\/producto\/banador-zen-garden-tropical-clasico\/#primaryimage"},"image":{"@id":"https:\/\/mavisel.com\/producto\/banador-zen-garden-tropical-clasico\/#primaryimage"},"thumbnailUrl":"https:\/\/mavisel.com\/wp-content\/uploads\/2026\/03\/625-2037C-banador-zen-garden-tropical-clasico.png","datePublished":"2026-03-05T13:00:32+00:00","dateModified":"2026-03-11T13:18:10+00:00","description":"Ba\u00f1ador Zen Garden Tropical Cl\u00e1sico con fondo verde y ramas negras y rosas para un look elegante y veraniego.","breadcrumb":{"@id":"https:\/\/mavisel.com\/producto\/banador-zen-garden-tropical-clasico\/#breadcrumb"},"inLanguage":"es","potentialAction":[{"@type":"ReadAction","target":["https:\/\/mavisel.com\/producto\/banador-zen-garden-tropical-clasico\/"]}]},{"@type":"ImageObject","inLanguage":"es","@id":"https:\/\/mavisel.com\/producto\/banador-zen-garden-tropical-clasico\/#primaryimage","url":"https:\/\/mavisel.com\/wp-content\/uploads\/2026\/03\/625-2037C-banador-zen-garden-tropical-clasico.png","contentUrl":"https:\/\/mavisel.com\/wp-content\/uploads\/2026\/03\/625-2037C-banador-zen-garden-tropical-clasico.png","width":266,"height":531,"caption":"Ba\u00f1ador Zen Garden Tropical Cl\u00e1sico"},{"@type":"BreadcrumbList","@id":"https:\/\/mavisel.com\/producto\/banador-zen-garden-tropical-clasico\/#breadcrumb","itemListElement":[{"@type":"ListItem","position":1,"name":"Portada","item":"https:\/\/mavisel.com\/"},{"@type":"ListItem","position":2,"name":"Home","item":"https:\/\/mavisel.com\/"},{"@type":"ListItem","position":3,"name":"Ba\u00f1ador Zen Garden Tropical Cl\u00e1sico"}]},{"@type":"WebSite","@id":"http:\/\/mavisel.com\/#website","url":"http:\/\/mavisel.com\/","name":"Mavisel","description":"Marca espa\u00f1ola de moda de ba\u00f1o para mujer","publisher":{"@id":"http:\/\/mavisel.com\/#organization"},"potentialAction":[{"@type":"SearchAction","target":{"@type":"EntryPoint","urlTemplate":"http:\/\/mavisel.com\/?s={search_term_string}"},"query-input":{"@type":"PropertyValueSpecification","valueRequired":true,"valueName":"search_term_string"}}],"inLanguage":"es"},{"@type":"Organization","@id":"http:\/\/mavisel.com\/#organization","name":"Mavisel","url":"http:\/\/mavisel.com\/","logo":{"@type":"ImageObject","inLanguage":"es","@id":"http:\/\/mavisel.com\/#\/schema\/logo\/image\/","url":"https:\/\/mavisel.com\/wp-content\/uploads\/2024\/09\/cropped-cropped-MAVISEL-1.png","contentUrl":"https:\/\/mavisel.com\/wp-content\/uploads\/2024\/09\/cropped-cropped-MAVISEL-1.png","width":512,"height":213,"caption":"Mavisel"},"image":{"@id":"http:\/\/mavisel.com\/#\/schema\/logo\/image\/"}}]}},"_links":{"self":[{"href":"https:\/\/mavisel.com\/index.php?rest_route=\/wp\/v2\/product\/3063","targetHints":{"allow":["GET"]}}],"collection":[{"href":"https:\/\/mavisel.com\/index.php?rest_route=\/wp\/v2\/product"}],"about":[{"href":"https:\/\/mavisel.com\/index.php?rest_route=\/wp\/v2\/types\/product"}],"replies":[{"embeddable":true,"href":"https:\/\/mavisel.com\/index.php?rest_route=%2Fwp%2Fv2%2Fcomments&post=3063"}],"wp:featuredmedia":[{"embeddable":true,"href":"https:\/\/mavisel.com\/index.php?rest_route=\/wp\/v2\/media\/3561"}],"wp:attachment":[{"href":"https:\/\/mavisel.com\/index.php?rest_route=%2Fwp%2Fv2%2Fmedia&parent=3063"}],"wp:term":[{"taxonomy":"product_brand","embeddable":true,"href":"https:\/\/mavisel.com\/index.php?rest_route=%2Fwp%2Fv2%2Fproduct_brand&post=3063"},{"taxonomy":"product_cat","embeddable":true,"href":"https:\/\/mavisel.com\/index.php?rest_route=%2Fwp%2Fv2%2Fproduct_cat&post=3063"},{"taxonomy":"product_tag","embeddable":true,"href":"https:\/\/mavisel.com\/index.php?rest_route=%2Fwp%2Fv2%2Fproduct_tag&post=3063"}],"curies":[{"name":"wp","href":"https:\/\/api.w.org\/{rel}","templated":true}]}}