{"id":2580,"date":"2026-02-12T12:42:57","date_gmt":"2026-02-12T11:42:57","guid":{"rendered":"https:\/\/mavisel.com\/?post_type=product&#038;p=2580"},"modified":"2026-02-13T10:57:30","modified_gmt":"2026-02-13T09:57:30","slug":"braguita-zayana-cintura-alta","status":"publish","type":"product","link":"https:\/\/mavisel.com\/?product=braguita-zayana-cintura-alta","title":{"rendered":"Braguita Zayana cintura alta"},"content":{"rendered":"<p>Braguita Zayana de <strong>corte de cintura alta<\/strong> que combina estilo y comodidad, ofreciendo un ajuste seguro y favorecedor. Presenta el caracter\u00edstico <strong>estampado Zayana<\/strong>, con palmeras en diferentes tonalidades de azul sobre un fondo c\u00e1lido en rojo y naranja, creando un look veraniego, fresco y lleno de energ\u00eda. Una pieza vers\u00e1til que combina perfectamente con la braga a juego para un conjunto completo y moderno.<\/p>\n<p>Puedes completar tu conjunto de bikini con el <strong><a href=\"https:\/\/mavisel.com\/producto\/top-bikini-zayana-con-aro\/\">top bikini Zayana con aro<\/a><\/strong> o con el <strong><a href=\"https:\/\/mavisel.com\/producto\/top-bikini-zayana-con-aro-y-escote-con-lazo\/\">top bikini Zayana con aro y escote con lazo\u00a0<\/a>.<\/strong><\/p>\n<p>&nbsp;<\/p>\n","protected":false},"excerpt":{"rendered":"<p>Braguita Zayana de <strong>cintura alta<\/strong> con el <strong>estampado Zayana<\/strong> de palmeras azules y fondo c\u00e1lido rojo y naranja. Una opci\u00f3n veraniega, alegre y c\u00f3moda.<\/p>\n","protected":false},"featured_media":2696,"comment_status":"open","ping_status":"closed","template":"","meta":[],"product_brand":[70],"product_cat":[37,47,163],"product_tag":[],"class_list":{"0":"post-2580","1":"product","2":"type-product","3":"status-publish","4":"has-post-thumbnail","6":"product_brand-mavisel","7":"product_cat-braguitas","8":"product_cat-cintura-alta","9":"product_cat-moda-de-bano","10":"pa_color-estampado","11":"pa_talla-talla-l","12":"pa_talla-talla-xl","13":"pa_talla-talla-2xl","14":"pa_talla-talla-3xl","16":"first","17":"instock","18":"shipping-taxable","19":"purchasable","20":"product-type-variable"},"yoast_head":"<!-- This site is optimized with the Yoast SEO plugin v26.8 - https:\/\/yoast.com\/product\/yoast-seo-wordpress\/ -->\n<title>Braguita Zayana cintura alta - Mavisel<\/title>\n<meta name=\"description\" content=\"Una opci\u00f3n veraniega y c\u00f3moda es la braguita Zayana de cintura alta con el estampado Zayana de palmeras azules y fondo c\u00e1lido rojo y naranja.\" \/>\n<meta name=\"robots\" content=\"index, follow, max-snippet:-1, max-image-preview:large, max-video-preview:-1\" \/>\n<link rel=\"canonical\" href=\"https:\/\/mavisel.com\/producto\/braguita-zayana-cintura-alta\/\" \/>\n<meta property=\"og:locale\" content=\"es_ES\" \/>\n<meta property=\"og:type\" content=\"article\" \/>\n<meta property=\"og:title\" content=\"Braguita Zayana cintura alta - Mavisel\" \/>\n<meta property=\"og:description\" content=\"Una opci\u00f3n veraniega y c\u00f3moda es la braguita Zayana de cintura alta con el estampado Zayana de palmeras azules y fondo c\u00e1lido rojo y naranja.\" \/>\n<meta property=\"og:url\" content=\"https:\/\/mavisel.com\/producto\/braguita-zayana-cintura-alta\/\" \/>\n<meta property=\"og:site_name\" content=\"Mavisel\" \/>\n<meta property=\"article:modified_time\" content=\"2026-02-13T09:57:30+00:00\" \/>\n<meta property=\"og:image\" content=\"https:\/\/mavisel.com\/wp-content\/uploads\/2026\/02\/braguita-zayana-8162.124.png\" \/>\n\t<meta property=\"og:image:width\" content=\"283\" \/>\n\t<meta property=\"og:image:height\" content=\"278\" \/>\n\t<meta property=\"og:image:type\" content=\"image\/png\" \/>\n<meta name=\"twitter:card\" content=\"summary_large_image\" \/>\n<meta name=\"twitter:label1\" content=\"Tiempo de lectura\" \/>\n\t<meta name=\"twitter:data1\" content=\"1 minuto\" \/>\n<script type=\"application\/ld+json\" class=\"yoast-schema-graph\">{\"@context\":\"https:\/\/schema.org\",\"@graph\":[{\"@type\":\"WebPage\",\"@id\":\"https:\/\/mavisel.com\/producto\/braguita-zayana-cintura-alta\/\",\"url\":\"https:\/\/mavisel.com\/producto\/braguita-zayana-cintura-alta\/\",\"name\":\"Braguita Zayana cintura alta - Mavisel\",\"isPartOf\":{\"@id\":\"http:\/\/mavisel.com\/#website\"},\"primaryImageOfPage\":{\"@id\":\"https:\/\/mavisel.com\/producto\/braguita-zayana-cintura-alta\/#primaryimage\"},\"image\":{\"@id\":\"https:\/\/mavisel.com\/producto\/braguita-zayana-cintura-alta\/#primaryimage\"},\"thumbnailUrl\":\"https:\/\/mavisel.com\/wp-content\/uploads\/2026\/02\/braguita-zayana-8162.124.png\",\"datePublished\":\"2026-02-12T11:42:57+00:00\",\"dateModified\":\"2026-02-13T09:57:30+00:00\",\"description\":\"Una opci\u00f3n veraniega y c\u00f3moda es la braguita Zayana de cintura alta con el estampado Zayana de palmeras azules y fondo c\u00e1lido rojo y naranja.\",\"breadcrumb\":{\"@id\":\"https:\/\/mavisel.com\/producto\/braguita-zayana-cintura-alta\/#breadcrumb\"},\"inLanguage\":\"es\",\"potentialAction\":[{\"@type\":\"ReadAction\",\"target\":[\"https:\/\/mavisel.com\/producto\/braguita-zayana-cintura-alta\/\"]}]},{\"@type\":\"ImageObject\",\"inLanguage\":\"es\",\"@id\":\"https:\/\/mavisel.com\/producto\/braguita-zayana-cintura-alta\/#primaryimage\",\"url\":\"https:\/\/mavisel.com\/wp-content\/uploads\/2026\/02\/braguita-zayana-8162.124.png\",\"contentUrl\":\"https:\/\/mavisel.com\/wp-content\/uploads\/2026\/02\/braguita-zayana-8162.124.png\",\"width\":283,\"height\":278,\"caption\":\"Braguita Zayana\"},{\"@type\":\"BreadcrumbList\",\"@id\":\"https:\/\/mavisel.com\/producto\/braguita-zayana-cintura-alta\/#breadcrumb\",\"itemListElement\":[{\"@type\":\"ListItem\",\"position\":1,\"name\":\"Portada\",\"item\":\"https:\/\/mavisel.com\/\"},{\"@type\":\"ListItem\",\"position\":2,\"name\":\"Home\",\"item\":\"https:\/\/mavisel.com\/\"},{\"@type\":\"ListItem\",\"position\":3,\"name\":\"Braguita Zayana cintura alta\"}]},{\"@type\":\"WebSite\",\"@id\":\"http:\/\/mavisel.com\/#website\",\"url\":\"http:\/\/mavisel.com\/\",\"name\":\"Mavisel\",\"description\":\"Marca espa\u00f1ola de moda de ba\u00f1o para mujer\",\"publisher\":{\"@id\":\"http:\/\/mavisel.com\/#organization\"},\"potentialAction\":[{\"@type\":\"SearchAction\",\"target\":{\"@type\":\"EntryPoint\",\"urlTemplate\":\"http:\/\/mavisel.com\/?s={search_term_string}\"},\"query-input\":{\"@type\":\"PropertyValueSpecification\",\"valueRequired\":true,\"valueName\":\"search_term_string\"}}],\"inLanguage\":\"es\"},{\"@type\":\"Organization\",\"@id\":\"http:\/\/mavisel.com\/#organization\",\"name\":\"Mavisel\",\"url\":\"http:\/\/mavisel.com\/\",\"logo\":{\"@type\":\"ImageObject\",\"inLanguage\":\"es\",\"@id\":\"http:\/\/mavisel.com\/#\/schema\/logo\/image\/\",\"url\":\"https:\/\/mavisel.com\/wp-content\/uploads\/2024\/09\/cropped-cropped-MAVISEL-1.png\",\"contentUrl\":\"https:\/\/mavisel.com\/wp-content\/uploads\/2024\/09\/cropped-cropped-MAVISEL-1.png\",\"width\":512,\"height\":213,\"caption\":\"Mavisel\"},\"image\":{\"@id\":\"http:\/\/mavisel.com\/#\/schema\/logo\/image\/\"}}]}<\/script>\n<!-- \/ Yoast SEO plugin. -->","yoast_head_json":{"title":"Braguita Zayana cintura alta - Mavisel","description":"Una opci\u00f3n veraniega y c\u00f3moda es la braguita Zayana de cintura alta con el estampado Zayana de palmeras azules y fondo c\u00e1lido rojo y naranja.","robots":{"index":"index","follow":"follow","max-snippet":"max-snippet:-1","max-image-preview":"max-image-preview:large","max-video-preview":"max-video-preview:-1"},"canonical":"https:\/\/mavisel.com\/producto\/braguita-zayana-cintura-alta\/","og_locale":"es_ES","og_type":"article","og_title":"Braguita Zayana cintura alta - Mavisel","og_description":"Una opci\u00f3n veraniega y c\u00f3moda es la braguita Zayana de cintura alta con el estampado Zayana de palmeras azules y fondo c\u00e1lido rojo y naranja.","og_url":"https:\/\/mavisel.com\/producto\/braguita-zayana-cintura-alta\/","og_site_name":"Mavisel","article_modified_time":"2026-02-13T09:57:30+00:00","og_image":[{"width":283,"height":278,"url":"https:\/\/mavisel.com\/wp-content\/uploads\/2026\/02\/braguita-zayana-8162.124.png","type":"image\/png"}],"twitter_card":"summary_large_image","twitter_misc":{"Tiempo de lectura":"1 minuto"},"schema":{"@context":"https:\/\/schema.org","@graph":[{"@type":"WebPage","@id":"https:\/\/mavisel.com\/producto\/braguita-zayana-cintura-alta\/","url":"https:\/\/mavisel.com\/producto\/braguita-zayana-cintura-alta\/","name":"Braguita Zayana cintura alta - Mavisel","isPartOf":{"@id":"http:\/\/mavisel.com\/#website"},"primaryImageOfPage":{"@id":"https:\/\/mavisel.com\/producto\/braguita-zayana-cintura-alta\/#primaryimage"},"image":{"@id":"https:\/\/mavisel.com\/producto\/braguita-zayana-cintura-alta\/#primaryimage"},"thumbnailUrl":"https:\/\/mavisel.com\/wp-content\/uploads\/2026\/02\/braguita-zayana-8162.124.png","datePublished":"2026-02-12T11:42:57+00:00","dateModified":"2026-02-13T09:57:30+00:00","description":"Una opci\u00f3n veraniega y c\u00f3moda es la braguita Zayana de cintura alta con el estampado Zayana de palmeras azules y fondo c\u00e1lido rojo y naranja.","breadcrumb":{"@id":"https:\/\/mavisel.com\/producto\/braguita-zayana-cintura-alta\/#breadcrumb"},"inLanguage":"es","potentialAction":[{"@type":"ReadAction","target":["https:\/\/mavisel.com\/producto\/braguita-zayana-cintura-alta\/"]}]},{"@type":"ImageObject","inLanguage":"es","@id":"https:\/\/mavisel.com\/producto\/braguita-zayana-cintura-alta\/#primaryimage","url":"https:\/\/mavisel.com\/wp-content\/uploads\/2026\/02\/braguita-zayana-8162.124.png","contentUrl":"https:\/\/mavisel.com\/wp-content\/uploads\/2026\/02\/braguita-zayana-8162.124.png","width":283,"height":278,"caption":"Braguita Zayana"},{"@type":"BreadcrumbList","@id":"https:\/\/mavisel.com\/producto\/braguita-zayana-cintura-alta\/#breadcrumb","itemListElement":[{"@type":"ListItem","position":1,"name":"Portada","item":"https:\/\/mavisel.com\/"},{"@type":"ListItem","position":2,"name":"Home","item":"https:\/\/mavisel.com\/"},{"@type":"ListItem","position":3,"name":"Braguita Zayana cintura alta"}]},{"@type":"WebSite","@id":"http:\/\/mavisel.com\/#website","url":"http:\/\/mavisel.com\/","name":"Mavisel","description":"Marca espa\u00f1ola de moda de ba\u00f1o para mujer","publisher":{"@id":"http:\/\/mavisel.com\/#organization"},"potentialAction":[{"@type":"SearchAction","target":{"@type":"EntryPoint","urlTemplate":"http:\/\/mavisel.com\/?s={search_term_string}"},"query-input":{"@type":"PropertyValueSpecification","valueRequired":true,"valueName":"search_term_string"}}],"inLanguage":"es"},{"@type":"Organization","@id":"http:\/\/mavisel.com\/#organization","name":"Mavisel","url":"http:\/\/mavisel.com\/","logo":{"@type":"ImageObject","inLanguage":"es","@id":"http:\/\/mavisel.com\/#\/schema\/logo\/image\/","url":"https:\/\/mavisel.com\/wp-content\/uploads\/2024\/09\/cropped-cropped-MAVISEL-1.png","contentUrl":"https:\/\/mavisel.com\/wp-content\/uploads\/2024\/09\/cropped-cropped-MAVISEL-1.png","width":512,"height":213,"caption":"Mavisel"},"image":{"@id":"http:\/\/mavisel.com\/#\/schema\/logo\/image\/"}}]}},"_links":{"self":[{"href":"https:\/\/mavisel.com\/index.php?rest_route=\/wp\/v2\/product\/2580","targetHints":{"allow":["GET"]}}],"collection":[{"href":"https:\/\/mavisel.com\/index.php?rest_route=\/wp\/v2\/product"}],"about":[{"href":"https:\/\/mavisel.com\/index.php?rest_route=\/wp\/v2\/types\/product"}],"replies":[{"embeddable":true,"href":"https:\/\/mavisel.com\/index.php?rest_route=%2Fwp%2Fv2%2Fcomments&post=2580"}],"wp:featuredmedia":[{"embeddable":true,"href":"https:\/\/mavisel.com\/index.php?rest_route=\/wp\/v2\/media\/2696"}],"wp:attachment":[{"href":"https:\/\/mavisel.com\/index.php?rest_route=%2Fwp%2Fv2%2Fmedia&parent=2580"}],"wp:term":[{"taxonomy":"product_brand","embeddable":true,"href":"https:\/\/mavisel.com\/index.php?rest_route=%2Fwp%2Fv2%2Fproduct_brand&post=2580"},{"taxonomy":"product_cat","embeddable":true,"href":"https:\/\/mavisel.com\/index.php?rest_route=%2Fwp%2Fv2%2Fproduct_cat&post=2580"},{"taxonomy":"product_tag","embeddable":true,"href":"https:\/\/mavisel.com\/index.php?rest_route=%2Fwp%2Fv2%2Fproduct_tag&post=2580"}],"curies":[{"name":"wp","href":"https:\/\/api.w.org\/{rel}","templated":true}]}}